{"id":29,"date":"2013-05-28T13:59:16","date_gmt":"2013-05-28T11:59:16","guid":{"rendered":"http:\/\/www.kruse.sh\/portal\/?page_id=29"},"modified":"2014-12-10T16:42:04","modified_gmt":"2014-12-10T15:42:04","slug":"nachname-kruse","status":"publish","type":"page","link":"https:\/\/kruse.sh\/portal\/wir-uber-uns\/nachname-kruse\/","title":{"rendered":"Nachname: Kruse"},"content":{"rendered":"<p>Der Name <b>Kruse <\/b>kommt insgesamt 13737 Mal in 407 Landkreisen vor. Es gibt sch\u00e4tzungsweise 36632 Personen mit diesem Nachnamen. Dies liegt \u00fcber dem Durchschnitt f\u00fcr alle deutschen Familiennamen. Er liegt damit an 129. Stelle der h\u00e4ufigsten Namen.<\/p>\n<p>Die meisten Personen mit dem Familiennamen <b>Kruse <\/b>wurden in Kreisfreie Stadt Hamburg gefunden; der Name kam 823 Mal im Telefonbuch vor.<\/p>\n<p>Die wenigsten leben in Kreisfreie Stadt Aschaffenburg, mit 1 Telefonbucheintr\u00e4gen.<\/p>\n<p><img loading=\"lazy\" decoding=\"async\" src=\"https:\/\/www.kruse.sh\/portal\/va-stuff\/bilder\/content\/MAP-Verteilung-KRUSE.png\" alt=\"Familiennamenverteilung KRUSE\" width=\"496\" height=\"780\" \/><\/p>\n<p>Hintergrundinformationen zu der Namensverteilung<br \/>\nGrundlage der Namensverteilung sind ca. 35 Millionen Telefonteilnehmer in Deutschland aus dem Jahre 2002. Mehrfacheintr\u00e4ge (z.B. Festnetz, Fax und Handy)<\/p>\n<p>Quelle (www.ancestry.de):<br \/>\nGrundlage der Namensverteilung sind ca. 35 Millionen Telefonteilnehmer in Deutschland aus dem Jahre 2002.<\/p>\n<p>[xyz-ips snippet=&#8220;analyticstracking&#8220;]<\/p>\n","protected":false},"excerpt":{"rendered":"<p>Der Name Kruse kommt insgesamt 13737 Mal in 407 Landkreisen vor. Es gibt sch\u00e4tzungsweise 36632 Personen mit diesem Nachnamen. Dies liegt \u00fcber dem Durchschnitt f\u00fcr alle deutschen Familiennamen. Er liegt damit an 129. Stelle der h\u00e4ufigsten Namen. Die meisten Personen &hellip; <a href=\"https:\/\/kruse.sh\/portal\/wir-uber-uns\/nachname-kruse\/\">Weiterlesen <span class=\"meta-nav\">&rarr;<\/span><\/a><\/p>\n","protected":false},"author":2,"featured_media":0,"parent":2,"menu_order":3,"comment_status":"closed","ping_status":"closed","template":"","meta":{"footnotes":""},"class_list":["post-29","page","type-page","status-publish","hentry"],"jetpack_shortlink":"https:\/\/wp.me\/P3OebG-t","jetpack-related-posts":[{"id":32,"url":"https:\/\/kruse.sh\/portal\/wir-uber-uns\/nachname-heigrodt\/","url_meta":{"origin":29,"position":0},"title":"Nachname: Heigrodt","author":"Andreas","date":"28. Mai 2013","format":false,"excerpt":"Der Name Heigrodt kommt insgesamt 14 Mal in 9 Landkreisen vor. Es gibt sch\u00e4tzungsweise 37 Personen mit diesem Nachnamen. Dies liegt unter dem Durchschnitt f\u00fcr alle deutschen Familiennamen. Ungen\u00fcgend statistische Daten f\u00fcr diesen Namen. Die Ergebnisse sind u. U. nicht von Nutzen. Er liegt damit an 160273. Stelle der h\u00e4ufigsten\u2026","rel":"","context":"\u00c4hnlicher Beitrag","block_context":{"text":"\u00c4hnlicher Beitrag","link":""},"img":{"alt_text":"Familiennamenverteilung Heigrodt","src":"https:\/\/i0.wp.com\/www.kruse.sh\/portal\/va-stuff\/bilder\/content\/MAP-Verteilung-HEIGRODT.png?resize=350%2C200&ssl=1","width":350,"height":200},"classes":[]},{"id":45,"url":"https:\/\/kruse.sh\/portal\/infobox\/swattenbeek\/","url_meta":{"origin":29,"position":1},"title":"Swattenbeek","author":"Andreas","date":"29. Mai 2013","format":false,"excerpt":"Schwarzenbek bekam im Jahre 1953 von der Landesregierung Schleswig-Holstein die Stadtrechte. Im Jahre 1961 verlieh der Europarat in Stra\u00dfburg der Stadt Schwarzenbek als zweiter Stadt in der Bundesrepublik Deutschland den Europapreis. Die Europastadt Schwarzenbek liegt im S\u00fcd-\u00f6stlichen Schleswig-Holstein, im Kreis Herzogtum Lauenburg. Gr\u00f6\u00dfere KartenansichtNur ca. 30 KM von der Hansestadt\u2026","rel":"","context":"\u00c4hnlicher Beitrag","block_context":{"text":"\u00c4hnlicher Beitrag","link":""},"img":{"alt_text":"","src":"","width":0,"height":0},"classes":[]},{"id":1544,"url":"https:\/\/kruse.sh\/portal\/datenschutzerklaerung\/","url_meta":{"origin":29,"position":2},"title":"Datenschutzerkl\u00e4rung","author":"Andreas","date":"26. Juni 2018","format":false,"excerpt":"Diese Datenschutzerkl\u00e4rung kl\u00e4rt Sie \u00fcber die Art, den Umfang und Zweck der Verarbeitung von personenbezogenen Daten (nachfolgend kurz \u201eDaten\u201c) innerhalb unseres Onlineangebotes und der mit ihm verbundenen Webseiten, Funktionen und Inhalte sowie externen Onlinepr\u00e4senzen, wie z.B. unser Social Media Profile auf (nachfolgend gemeinsam bezeichnet als \u201eOnlineangebot\u201c). Im Hinblick auf die\u2026","rel":"","context":"\u00c4hnlicher Beitrag","block_context":{"text":"\u00c4hnlicher Beitrag","link":""},"img":{"alt_text":"","src":"","width":0,"height":0},"classes":[]},{"id":248,"url":"https:\/\/kruse.sh\/portal\/impressum\/","url_meta":{"origin":29,"position":3},"title":"Impressum","author":"Andreas","date":"30. Mai 2013","format":false,"excerpt":"Verantwortlich f\u00fcr Inhalt, Konzeption & Realisierung des Onlineportals: KRUSE.SH Familie Kruse c\/o A. Kruse Sorbenweg 6 D-21493 Schwarzenbek\/SH \u00a0 Fon: +49-4151-8979699 Fax: +49-4151-8979501 Navi: 53\u00b0 30' 55.49\" N 10\u00b0 28' 40.98\" E Kontaktformular Gew\u00e4hrleistung Die Familie Kruse\u00a0bem\u00fchen uns um m\u00f6glichst korrekte und aktuelle Information. Trotzdem k\u00f6nnen Fehler auftreten. Die Inhalte\u2026","rel":"","context":"\u00c4hnlicher Beitrag","block_context":{"text":"\u00c4hnlicher Beitrag","link":""},"img":{"alt_text":"","src":"","width":0,"height":0},"classes":[]},{"id":13,"url":"https:\/\/kruse.sh\/portal\/wir-uber-uns\/familie-kruse\/","url_meta":{"origin":29,"position":4},"title":"Familie Kruse","author":"Andreas","date":"28. Mai 2013","format":false,"excerpt":"Die Familie Kruse setzt sich zusammen aus: Andreas Vanessa Fynn Helen Zwischen 2002-2008 wohnten Vanessa und Andreas zusammen im Forsthof in Swattenbeek. Am 06.08.2005\u00a0haben Vanessa und Andreas im Amtsrichterhaus zu Swattenbeek geheiratet. Das Gl\u00fcck nahm seinen Lauf, am 14.11.2005 wurde Fynn in Hamburg geboren. Er wog 3910 g und war\u2026","rel":"","context":"\u00c4hnlicher Beitrag","block_context":{"text":"\u00c4hnlicher Beitrag","link":""},"img":{"alt_text":"","src":"","width":0,"height":0},"classes":[]},{"id":331,"url":"https:\/\/kruse.sh\/portal\/linksammlung\/","url_meta":{"origin":29,"position":5},"title":"Linksammlung","author":"Andreas","date":"3. Juli 2013","format":false,"excerpt":"Hier findet Ihr eine externe Linksammlung verschiedener Webseiten. Private Adressen der Familie Kruse\/Heigrodt www.djschwing.de www.swattenbeek.de www.heigrodt.de www.kruse-systems.de Weitere Firmen u. Organisationen www.hochoetz.at (extern) Stromverbrauchsrechner\u00a0(extern) Verbraucherschutz www.produktrueckrufe.de www.foodwatch.org\/de Rufnummernmissbrauch - Spam - Unerlaubte Telefonwerbung www.bundesnetzagentur.de\u00a0(extern) Wetter www.dwd.de (extern) www.wetter.com (extern) www.unwetterzentrale.de (extern) Kachelmann Wetterblog (extern) TIPP WebCams Hamburger Hafen - Elbabw\u00e4rts\/CruiseCenter\u00a0\u2026","rel":"","context":"\u00c4hnlicher Beitrag","block_context":{"text":"\u00c4hnlicher Beitrag","link":""},"img":{"alt_text":"","src":"","width":0,"height":0},"classes":[]}],"jetpack_sharing_enabled":true,"_links":{"self":[{"href":"https:\/\/kruse.sh\/portal\/wp-json\/wp\/v2\/pages\/29","targetHints":{"allow":["GET"]}}],"collection":[{"href":"https:\/\/kruse.sh\/portal\/wp-json\/wp\/v2\/pages"}],"about":[{"href":"https:\/\/kruse.sh\/portal\/wp-json\/wp\/v2\/types\/page"}],"author":[{"embeddable":true,"href":"https:\/\/kruse.sh\/portal\/wp-json\/wp\/v2\/users\/2"}],"replies":[{"embeddable":true,"href":"https:\/\/kruse.sh\/portal\/wp-json\/wp\/v2\/comments?post=29"}],"version-history":[{"count":0,"href":"https:\/\/kruse.sh\/portal\/wp-json\/wp\/v2\/pages\/29\/revisions"}],"up":[{"embeddable":true,"href":"https:\/\/kruse.sh\/portal\/wp-json\/wp\/v2\/pages\/2"}],"wp:attachment":[{"href":"https:\/\/kruse.sh\/portal\/wp-json\/wp\/v2\/media?parent=29"}],"curies":[{"name":"wp","href":"https:\/\/api.w.org\/{rel}","templated":true}]}}

<p>Der Name <b>Kruse </b>kommt insgesamt 13737 Mal in 407 Landkreisen vor. Es gibt schätzungsweise 36632 Personen mit diesem Nachnamen. Dies liegt über dem Durchschnitt für alle deutschen Familiennamen. Er liegt damit an 129. Stelle der häufigsten Namen.</p>
<p>Die meisten Personen mit dem Familiennamen <b>Kruse </b>wurden in Kreisfreie Stadt Hamburg gefunden; der Name kam 823 Mal im Telefonbuch vor.</p>
<p>Die wenigsten leben in Kreisfreie Stadt Aschaffenburg, mit 1 Telefonbucheinträgen.</p>
<p><img loading="lazy" decoding="async" src="https://www.kruse.sh/portal/va-stuff/bilder/content/MAP-Verteilung-KRUSE.png" alt="Familiennamenverteilung KRUSE" width="496" height="780" /></p>
<p>Hintergrundinformationen zu der Namensverteilung<br />
Grundlage der Namensverteilung sind ca. 35 Millionen Telefonteilnehmer in Deutschland aus dem Jahre 2002. Mehrfacheinträge (z.B. Festnetz, Fax und Handy)</p>
<p>Quelle (www.ancestry.de):<br />
Grundlage der Namensverteilung sind ca. 35 Millionen Telefonteilnehmer in Deutschland aus dem Jahre 2002.</p>
<p>[xyz-ips snippet=&#8220;analyticstracking&#8220;]</p>

<p>Der Name Kruse kommt insgesamt 13737 Mal in 407 Landkreisen vor. Es gibt schätzungsweise 36632 Personen mit diesem Nachnamen. Dies liegt über dem Durchschnitt für alle deutschen Familiennamen. Er liegt damit an 129. Stelle der häufigsten Namen. Die meisten Personen &hellip; <a href="https://kruse.sh/portal/wir-uber-uns/nachname-kruse/">Weiterlesen <span class="meta-nav">&rarr;</span></a></p>

Der Name Heigrodt kommt insgesamt 14 Mal in 9 Landkreisen vor. Es gibt schätzungsweise 37 Personen mit diesem Nachnamen. Dies liegt unter dem Durchschnitt für alle deutschen Familiennamen. Ungenügend statistische Daten für diesen Namen. Die Ergebnisse sind u. U. nicht von Nutzen. Er liegt damit an 160273. Stelle der häufigsten…

Ähnlicher Beitrag

Schwarzenbek bekam im Jahre 1953 von der Landesregierung Schleswig-Holstein die Stadtrechte. Im Jahre 1961 verlieh der Europarat in Straßburg der Stadt Schwarzenbek als zweiter Stadt in der Bundesrepublik Deutschland den Europapreis. Die Europastadt Schwarzenbek liegt im Süd-östlichen Schleswig-Holstein, im Kreis Herzogtum Lauenburg. Größere KartenansichtNur ca. 30 KM von der Hansestadt…

Datenschutzerklärung

Diese Datenschutzerklärung klärt Sie über die Art, den Umfang und Zweck der Verarbeitung von personenbezogenen Daten (nachfolgend kurz „Daten“) innerhalb unseres Onlineangebotes und der mit ihm verbundenen Webseiten, Funktionen und Inhalte sowie externen Onlinepräsenzen, wie z.B. unser Social Media Profile auf (nachfolgend gemeinsam bezeichnet als „Onlineangebot“). Im Hinblick auf die…

Verantwortlich für Inhalt, Konzeption & Realisierung des Onlineportals: KRUSE.SH Familie Kruse c/o A. Kruse Sorbenweg 6 D-21493 Schwarzenbek/SH   Fon: +49-4151-8979699 Fax: +49-4151-8979501 Navi: 53° 30' 55.49" N 10° 28' 40.98" E Kontaktformular Gewährleistung Die Familie Kruse bemühen uns um möglichst korrekte und aktuelle Information. Trotzdem können Fehler auftreten. Die Inhalte…

Die Familie Kruse setzt sich zusammen aus: Andreas Vanessa Fynn Helen Zwischen 2002-2008 wohnten Vanessa und Andreas zusammen im Forsthof in Swattenbeek. Am 06.08.2005 haben Vanessa und Andreas im Amtsrichterhaus zu Swattenbeek geheiratet. Das Glück nahm seinen Lauf, am 14.11.2005 wurde Fynn in Hamburg geboren. Er wog 3910 g und war…

Hier findet Ihr eine externe Linksammlung verschiedener Webseiten. Private Adressen der Familie Kruse/Heigrodt www.djschwing.de www.swattenbeek.de www.heigrodt.de www.kruse-systems.de Weitere Firmen u. Organisationen www.hochoetz.at (extern) Stromverbrauchsrechner (extern) Verbraucherschutz www.produktrueckrufe.de www.foodwatch.org/de Rufnummernmissbrauch - Spam - Unerlaubte Telefonwerbung www.bundesnetzagentur.de (extern) Wetter www.dwd.de (extern) www.wetter.com (extern) www.unwetterzentrale.de (extern) Kachelmann Wetterblog (extern) TIPP WebCams Hamburger Hafen - Elbabwärts/CruiseCenter …
