{"id":1580,"date":"2018-11-19T15:55:41","date_gmt":"2018-11-19T14:55:41","guid":{"rendered":"http:\/\/www.kruse.sh\/portal\/?page_id=1580"},"modified":"2023-09-21T21:04:35","modified_gmt":"2023-09-21T19:04:35","slug":"feinstaubwerte-woche","status":"publish","type":"page","link":"https:\/\/kruse.sh\/portal\/luftdaten\/feinstaubwerte-woche\/","title":{"rendered":"Feinstaubwerte (Woche)"},"content":{"rendered":"<h3>Messstation: Schwarzenbek (Leuchtturm-SWay06)<\/h3>\n<p><a href=\"https:\/\/api-rrd.madavi.de\/grafana\/d\/GUaL5aZMz\/pm-sensors?orgId=1&amp;theme=light&amp;var-chipID=esp8266-7252480&amp;kiosk&amp;viewPanel=13\" target=\"_blank\" rel=\"noopener noreferrer\">PM 2,5<\/a>:<\/p>\n<p><iframe loading=\"lazy\" src=\"https:\/\/api-rrd.madavi.de\/grafana\/d-solo\/GUaL5aZMz\/pm-sensors?orgId=1&amp;theme=light&amp;var-chipID=esp8266-7252480&amp;kiosk&amp;panelId=13&#038;refresh=15m\" width=\"680\" height=\"200\" frameborder=\"0\" scrolling=\"no\"><\/iframe><\/p>\n<p><a href=\"https:\/\/api-rrd.madavi.de\/grafana\/d\/GUaL5aZMz\/pm-sensors?orgId=1&amp;theme=light&amp;var-chipID=esp8266-7252480&amp;kiosk&amp;viewPanel=5\" target=\"_blank\" rel=\"noopener noreferrer\">PM 10<\/a>:<\/p>\n<p><iframe loading=\"lazy\" src=\"https:\/\/api-rrd.madavi.de\/grafana\/d-solo\/GUaL5aZMz\/pm-sensors?orgId=1&amp;theme=light&amp;var-chipID=esp8266-7252480&amp;kiosk&amp;panelId=5&#038;refresh=15m\" width=\"680\" height=\"200\" frameborder=\"0\" scrolling=\"no\"><\/iframe><\/p>\n<p>Copyright by Familie Kruse (Sensor ID 7252480)<\/p>\n","protected":false},"excerpt":{"rendered":"<p>Messstation: Schwarzenbek (Leuchtturm-SWay06) PM 2,5: PM 10: Copyright by Familie Kruse (Sensor ID 7252480)<\/p>\n","protected":false},"author":2,"featured_media":0,"parent":1552,"menu_order":20,"comment_status":"closed","ping_status":"closed","template":"","meta":{"footnotes":""},"class_list":["post-1580","page","type-page","status-publish","hentry"],"jetpack_shortlink":"https:\/\/wp.me\/P3OebG-pu","jetpack-related-posts":[{"id":1573,"url":"https:\/\/kruse.sh\/portal\/luftdaten\/feinstaubwerte-24h\/","url_meta":{"origin":1580,"position":0},"title":"Feinstaubwerte (24h)","author":"Andreas","date":"19. November 2018","format":false,"excerpt":"Messstation: Schwarzenbek (Leuchtturm-SWay06) PM 2,5: PM 10: Copyright by Familie Kruse (Sensor ID 7252480)","rel":"","context":"\u00c4hnlicher Beitrag","block_context":{"text":"\u00c4hnlicher Beitrag","link":""},"img":{"alt_text":"","src":"","width":0,"height":0},"classes":[]},{"id":1582,"url":"https:\/\/kruse.sh\/portal\/luftdaten\/feinstaubwerte-monat\/","url_meta":{"origin":1580,"position":1},"title":"Feinstaubwerte (Monat)","author":"Andreas","date":"19. November 2018","format":false,"excerpt":"Messstation: Schwarzenbek (Leuchtturm-SWay06) PM 2,5: PM 10: Copyright by Familie Kruse (Sensor ID 7252480)","rel":"","context":"\u00c4hnlicher Beitrag","block_context":{"text":"\u00c4hnlicher Beitrag","link":""},"img":{"alt_text":"","src":"","width":0,"height":0},"classes":[]},{"id":1584,"url":"https:\/\/kruse.sh\/portal\/luftdaten\/feinstaubwerte-jahr\/","url_meta":{"origin":1580,"position":2},"title":"Feinstaubwerte (Jahr)","author":"Andreas","date":"19. November 2018","format":false,"excerpt":"Messstation: Schwarzenbek (Leuchtturm-SWay06) PM 2,5: PM 10: Copyright by Familie Kruse (Sensor ID 7252480)","rel":"","context":"\u00c4hnlicher Beitrag","block_context":{"text":"\u00c4hnlicher Beitrag","link":""},"img":{"alt_text":"","src":"","width":0,"height":0},"classes":[]},{"id":1552,"url":"https:\/\/kruse.sh\/portal\/luftdaten\/","url_meta":{"origin":1580,"position":3},"title":"Luftdaten (Feinstaub)","author":"Andreas","date":"19. November 2018","format":false,"excerpt":"Wir haben den ersten Feinstaubsensor (OK Lab Stuttgart) in Schwarzenbek und im s\u00fcdlichen Herzogtum Lauenburg (SH) online gestellt. Bei unserem Projekt \"Luftdaten vor der eigenen Haust\u00fcr messen\" geht es nicht darum ein Fahrverbot f\u00fcr unsere Spielstra\u00dfe zu erzwingen ;-) , sondern vielmehr darum einfach mal in einem Wohngebiet - ohne\u2026","rel":"","context":"\u00c4hnlicher Beitrag","block_context":{"text":"\u00c4hnlicher Beitrag","link":""},"img":{"alt_text":"","src":"https:\/\/i0.wp.com\/kruse.sh\/portal\/wp-content\/uploads\/2018\/11\/DSC_9978.jpg?resize=350%2C200&ssl=1","width":350,"height":200,"srcset":"https:\/\/i0.wp.com\/kruse.sh\/portal\/wp-content\/uploads\/2018\/11\/DSC_9978.jpg?resize=350%2C200&ssl=1 1x, https:\/\/i0.wp.com\/kruse.sh\/portal\/wp-content\/uploads\/2018\/11\/DSC_9978.jpg?resize=525%2C300&ssl=1 1.5x, https:\/\/i0.wp.com\/kruse.sh\/portal\/wp-content\/uploads\/2018\/11\/DSC_9978.jpg?resize=700%2C400&ssl=1 2x, https:\/\/i0.wp.com\/kruse.sh\/portal\/wp-content\/uploads\/2018\/11\/DSC_9978.jpg?resize=1050%2C600&ssl=1 3x, https:\/\/i0.wp.com\/kruse.sh\/portal\/wp-content\/uploads\/2018\/11\/DSC_9978.jpg?resize=1400%2C800&ssl=1 4x"},"classes":[]},{"id":1842,"url":"https:\/\/kruse.sh\/portal\/","url_meta":{"origin":1580,"position":4},"title":"Moin &#8230; \u00af\\_(\u30c4)_\/\u00af &#8230;","author":"Andreas","date":"3. Januar 2020","format":false,"excerpt":"Wir m\u00f6chten Euch hier unsere Familie und Schwarzenbek (Swattenbeek) vorstellen. Erste professionelle Wetterstation (Davis Vantage Pro2 mit ISS) in Schwarzenbek Erste Feinstaub Messstation in Schwarzenbek und s\u00fcdlichem Herzogtum Lauenburg Die aktuelle Wetterlage f\u00fcr Schwarzenbek und Umgebung Seewetter Karte Ostsee, Gewitterkarte Deutschland Verkehrsmeldungen f\u00fcr Schleswig-Holstein Informationen \u00fcber unser Sportboot (Jeanneau Cap\u2026","rel":"","context":"\u00c4hnlicher Beitrag","block_context":{"text":"\u00c4hnlicher Beitrag","link":""},"img":{"alt_text":"","src":"","width":0,"height":0},"classes":[]},{"id":1890,"url":"https:\/\/kruse.sh\/portal\/feinstaubwerte-in-schwarzenbek\/","url_meta":{"origin":1580,"position":5},"title":"Feinstaubwerte in Schwarzenbek","author":"Andreas","date":"28. Mai 2020","format":false,"excerpt":"Die Feinstaubwerte in Schwarzenbek (Sorbenweg)","rel":"","context":"\u00c4hnlicher Beitrag","block_context":{"text":"\u00c4hnlicher Beitrag","link":""},"img":{"alt_text":"","src":"","width":0,"height":0},"classes":[]}],"jetpack_sharing_enabled":true,"_links":{"self":[{"href":"https:\/\/kruse.sh\/portal\/wp-json\/wp\/v2\/pages\/1580","targetHints":{"allow":["GET"]}}],"collection":[{"href":"https:\/\/kruse.sh\/portal\/wp-json\/wp\/v2\/pages"}],"about":[{"href":"https:\/\/kruse.sh\/portal\/wp-json\/wp\/v2\/types\/page"}],"author":[{"embeddable":true,"href":"https:\/\/kruse.sh\/portal\/wp-json\/wp\/v2\/users\/2"}],"replies":[{"embeddable":true,"href":"https:\/\/kruse.sh\/portal\/wp-json\/wp\/v2\/comments?post=1580"}],"version-history":[{"count":5,"href":"https:\/\/kruse.sh\/portal\/wp-json\/wp\/v2\/pages\/1580\/revisions"}],"predecessor-version":[{"id":2570,"href":"https:\/\/kruse.sh\/portal\/wp-json\/wp\/v2\/pages\/1580\/revisions\/2570"}],"up":[{"embeddable":true,"href":"https:\/\/kruse.sh\/portal\/wp-json\/wp\/v2\/pages\/1552"}],"wp:attachment":[{"href":"https:\/\/kruse.sh\/portal\/wp-json\/wp\/v2\/media?parent=1580"}],"curies":[{"name":"wp","href":"https:\/\/api.w.org\/{rel}","templated":true}]}}